{"id":2272,"date":"2016-06-01T11:13:11","date_gmt":"2016-06-01T10:13:11","guid":{"rendered":"http:\/\/www.sv-marhorst.de\/?page_id=2272"},"modified":"2021-08-07T08:38:44","modified_gmt":"2021-08-07T08:38:44","slug":"sponsoren-werbung","status":"publish","type":"page","link":"https:\/\/sv-marhorst.de\/?page_id=2272","title":{"rendered":"Sponsoren &#038; Werbung"},"content":{"rendered":"\n<p><\/p>\n\n\n<p>Gerne erm\u00f6glichen wir unseren Sponsoren und Werbepartner sich hier zu pr\u00e4sentieren. Vielen Dank f\u00fcr Ihre Unterst\u00fctzung.<\/p>\n<p>Bei Interesse f\u00fcr Bandenwerbung oder sponsoring von Gruppen und Mannschaften, wenden Sie sich bitte an:<\/p>\n<p>Peter Tegeler &#8211;\u00a0Tel.: 0 42 43\/94 19 34 &#8211;\u00a0<a href=\"mailto:peter.tegeler@gmx.de\">peter.tegeler@gmx.de<\/a><\/p>\n<p>Unsere Sponsoren &amp; Werbepartner sind:<\/p>\n\n\n<figure class=\"wp-block-image size-large\"><a href=\"www.ewe.de\"><img loading=\"lazy\" decoding=\"async\" width=\"1024\" height=\"196\" src=\"http:\/\/sv-marhorst.de\/wp-content\/uploads\/2021\/08\/18_EWE_Bande_4000x750_10mm_1zu1_RZ-1024x196.jpg\" alt=\"\" class=\"wp-image-3674\" srcset=\"https:\/\/sv-marhorst.de\/wp-content\/uploads\/2021\/08\/18_EWE_Bande_4000x750_10mm_1zu1_RZ-1024x196.jpg 1024w, https:\/\/sv-marhorst.de\/wp-content\/uploads\/2021\/08\/18_EWE_Bande_4000x750_10mm_1zu1_RZ-300x57.jpg 300w, https:\/\/sv-marhorst.de\/wp-content\/uploads\/2021\/08\/18_EWE_Bande_4000x750_10mm_1zu1_RZ-768x147.jpg 768w, https:\/\/sv-marhorst.de\/wp-content\/uploads\/2021\/08\/18_EWE_Bande_4000x750_10mm_1zu1_RZ-1536x294.jpg 1536w, https:\/\/sv-marhorst.de\/wp-content\/uploads\/2021\/08\/18_EWE_Bande_4000x750_10mm_1zu1_RZ-2048x392.jpg 2048w\" sizes=\"auto, (max-width: 1024px) 100vw, 1024px\" \/><\/a><\/figure>\n\n\n\n<div class=\"wp-block-image\"><figure class=\"alignright\"><img decoding=\"async\" src=\"https:\/\/www.gut-twistringen.de\/images\/Mitglieder2\/b%C3%A4ckerei-weymann-gmbh-amp-co-kg.jpg\" alt=\"Logo B\u00e4ckerei Weymann GmbH &amp; Co KG  \"\/><\/figure><\/div>\n\n\n\n<figure class=\"wp-block-image\"><a href=\"https:\/\/www.vbvechta.de\/wir-fuer-sie\/filialen-ansprechpartner\/filialen\/uebersicht-filialen\/volksbank-twistringen.html\"><img decoding=\"async\" src=\"https:\/\/www.gut-twistringen.de\/images\/Mitglieder\/Volksbank-Twistringen-neu.jpg\" alt=\"Logo Volksbank Vechta eG \"\/><\/a><\/figure>\n\n\n\n<div class=\"wp-block-image\"><figure class=\"alignright\"><a href=\"www.ksk-syke.de\"><img decoding=\"async\" src=\"https:\/\/www.gut-twistringen.de\/images\/Mitglieder2\/kreissparkasse-twistringen.jpg\" alt=\"Logo Kreissparkasse  Twistringen \"\/><\/a><\/figure><\/div>\n\n\n\n<figure class=\"wp-block-image\"><a href=\"https:\/\/www.google.com\/search?client=safari&amp;rls=en&amp;q=Turner+GmbH+twistringen&amp;ie=UTF-8&amp;oe=UTF-8\"><img decoding=\"async\" src=\"https:\/\/www.gut-twistringen.de\/images\/Mitglieder\/turner-gmbh-garten-und-landschaftsbau_neu.jpg\" alt=\"Logo Turner GmbH Garten- und Landschaftsbau \"\/><\/a><\/figure>\n\n\n\n<div class=\"wp-block-image\"><figure class=\"alignright\"><a href=\"https:\/\/www.karen-landwehr.de\"><img decoding=\"async\" src=\"https:\/\/www.gut-twistringen.de\/images\/Mitglieder2\/karen-landwehr-steuerberatung.jpg\" alt=\"Logo Karen Landwehr Steuerberatung \"\/><\/a><\/figure><\/div>\n\n\n\n<p><\/p>\n\n\n\n<p><a href=\"https:\/\/www.klausis-twistringen.de\/\">https:\/\/www.klausis-twistringen.de\/<\/a><\/p>\n\n\n\n<p><\/p>\n\n\n\n<p><\/p>\n\n\n\n<figure class=\"wp-block-image\"><a href=\"www.wirotech.de\"><img decoding=\"async\" src=\"https:\/\/www.gut-twistringen.de\/images\/Mitglieder2\/wiro-technischer-gro%C3%9Fhandel-gmbh.jpg\" alt=\"Logo WIRO technischer Gro\u00dfhandel GmbH \"\/><\/a><\/figure>\n\n\n\n<p><\/p>\n\n\n\n<div class=\"wp-block-image\"><figure class=\"alignright\"><a href=\"http:\/\/www.lueers-twistringen.de\"><img decoding=\"async\" src=\"http:\/\/www.lueers-twistringen.de\/uploads\/6\/0\/1\/3\/60132647\/published\/bildschirmfoto-2017-08-03-um-18-11-48.png?1515767100\" alt=\"L&Uuml;ERS GmbH Erd- und Abbrucharbeiten\"\/><\/a><\/figure><\/div>\n\n\n\n<p><\/p>\n\n\n\n<figure class=\"wp-block-image\"><a href=\"https:\/\/teamfunke.de\"><img decoding=\"async\" src=\"https:\/\/www.gut-twistringen.de\/images\/Mitglieder2\/funke-gmbh-amp-co-kg.jpg\" alt=\"Logo Funke GmbH &amp; Co. KG \"\/><\/a><\/figure>\n\n\n\n<div class=\"wp-block-image\"><figure class=\"alignright\"><a href=\"https:\/\/borchers-reisen.de\"><img decoding=\"async\" src=\"https:\/\/www.gut-twistringen.de\/images\/Mitglieder\/BorchersReisen.jpg\" alt=\"Logo Borchers Reisen GmbH &amp; Co. KG \"\/><\/a><\/figure><\/div>\n\n\n\n<p><strong>ROBERG Metallbau GBR<\/strong><\/p>\n\n\n\n<div class=\"wp-block-image\"><figure class=\"alignleft\"><a href=\"www.ploegerbau.de\"><img decoding=\"async\" src=\"https:\/\/www.gut-twistringen.de\/images\/Mitglieder2\/Ploeger-Bau.jpg\" alt=\"Logo Pl\u00f6ger Bau GmbH &amp; Co. KG \"\/><\/a><\/figure><\/div>\n\n\n\n<div class=\"wp-block-image\"><figure class=\"aligncenter\"><a href=\"https:\/\/www.wueppenhorst-ad.de\"><img decoding=\"async\" src=\"https:\/\/www.wueppenhorst-ad.de\/images\/autopro-autowerkstatt-twistringen.jpg?crc=122923854\" alt=\"\"\/><\/a><\/figure><\/div>\n\n\n\n<figure class=\"wp-block-image\"><a href=\"https:\/\/www.gemuese-meyer.de\/de\/?gclid=CjwKCAjw3riIBhAwEiwAzD3TiYDiNW6bRn32Mq-U2AIgkOMjBBR1U1U73AF2M2_9Sv6vHUL0dlCioxoC8_MQAvD_BwE\"><img decoding=\"async\" src=\"https:\/\/www.gut-twistringen.de\/images\/Mitglieder2\/meyer-gem%C3%BCsebearbeitung-gmbh.jpg\" alt=\"Logo Meyer Gem\u00fcsebearbeitung GmbH \"\/><\/a><\/figure>\n\n\n\n<div class=\"wp-block-image\"><figure class=\"alignright\"><a href=\"https:\/\/www.siemers-elektro.de\/home.html\"><img decoding=\"async\" src=\"https:\/\/www.gut-twistringen.de\/images\/Mitglieder2\/siemers-elektro-gmbh.jpg\" alt=\"Logo Siemers Elektro GmbH \"\/><\/a><\/figure><\/div>\n","protected":false},"excerpt":{"rendered":"<p>Gerne erm\u00f6glichen wir unseren Sponsoren und Werbepartner sich hier zu pr\u00e4sentieren. Vielen Dank f\u00fcr Ihre Unterst\u00fctzung. Bei Interesse f\u00fcr Bandenwerbung oder sponsoring von Gruppen und Mannschaften, wenden Sie sich bitte [&hellip;]<\/p>\n","protected":false},"author":1,"featured_media":0,"parent":0,"menu_order":9,"comment_status":"closed","ping_status":"closed","template":"","meta":{"footnotes":""},"class_list":["post-2272","page","type-page","status-publish","hentry"],"_links":{"self":[{"href":"https:\/\/sv-marhorst.de\/index.php?rest_route=\/wp\/v2\/pages\/2272","targetHints":{"allow":["GET"]}}],"collection":[{"href":"https:\/\/sv-marhorst.de\/index.php?rest_route=\/wp\/v2\/pages"}],"about":[{"href":"https:\/\/sv-marhorst.de\/index.php?rest_route=\/wp\/v2\/types\/page"}],"author":[{"embeddable":true,"href":"https:\/\/sv-marhorst.de\/index.php?rest_route=\/wp\/v2\/users\/1"}],"replies":[{"embeddable":true,"href":"https:\/\/sv-marhorst.de\/index.php?rest_route=%2Fwp%2Fv2%2Fcomments&post=2272"}],"version-history":[{"count":8,"href":"https:\/\/sv-marhorst.de\/index.php?rest_route=\/wp\/v2\/pages\/2272\/revisions"}],"predecessor-version":[{"id":3686,"href":"https:\/\/sv-marhorst.de\/index.php?rest_route=\/wp\/v2\/pages\/2272\/revisions\/3686"}],"wp:attachment":[{"href":"https:\/\/sv-marhorst.de\/index.php?rest_route=%2Fwp%2Fv2%2Fmedia&parent=2272"}],"curies":[{"name":"wp","href":"https:\/\/api.w.org\/{rel}","templated":true}]}}