{"id":47,"date":"2019-07-12T10:11:00","date_gmt":"2019-07-12T10:11:00","guid":{"rendered":"http:\/\/www.sv-marhorst.de\/?page_id=10"},"modified":"2025-07-02T16:44:30","modified_gmt":"2025-07-02T15:44:30","slug":"1-herren","status":"publish","type":"page","link":"http:\/\/sv-marhorst.de\/?page_id=47","title":{"rendered":"1. Herren"},"content":{"rendered":"\n<figure class=\"wp-block-image size-large\"><img loading=\"lazy\" decoding=\"async\" width=\"1024\" height=\"681\" src=\"https:\/\/sv-marhorst.de\/wp-content\/uploads\/2024\/09\/1Herren_Saison24_25-1024x681.jpeg\" alt=\"\" class=\"wp-image-4007\" srcset=\"http:\/\/sv-marhorst.de\/wp-content\/uploads\/2024\/09\/1Herren_Saison24_25-1024x681.jpeg 1024w, http:\/\/sv-marhorst.de\/wp-content\/uploads\/2024\/09\/1Herren_Saison24_25-300x200.jpeg 300w, http:\/\/sv-marhorst.de\/wp-content\/uploads\/2024\/09\/1Herren_Saison24_25-768x511.jpeg 768w, http:\/\/sv-marhorst.de\/wp-content\/uploads\/2024\/09\/1Herren_Saison24_25-1536x1022.jpeg 1536w, http:\/\/sv-marhorst.de\/wp-content\/uploads\/2024\/09\/1Herren_Saison24_25-2048x1363.jpeg 2048w, http:\/\/sv-marhorst.de\/wp-content\/uploads\/2024\/09\/1Herren_Saison24_25-2x1.jpeg 2w\" sizes=\"auto, (max-width: 1024px) 100vw, 1024px\" \/><\/figure>\n\n\n<div>\u00a0<\/div>\n<p>4<!--more--><\/p>\n<h2 style=\"text-align: center;\"><strong>1. Herren SV Marhorst 2024\/2025<\/strong><\/h2>\n<div>\n<p style=\"font-weight: 400;\"><strong>vorne von links<\/strong><\/p>\n<p style=\"font-weight: 400;\">Trainer Walter Brinkmann, Kenneth Scharrelmann, Jonas Borchers, Patrick Beuke, Jonas Beuke, Owen Brunkhorst, Nico Brunkhorst<\/p>\n<p style=\"font-weight: 400;\"><strong>mitte von links<\/strong><\/p>\n<p style=\"font-weight: 400;\">Torwarttrainer J\u00f6rg Beuke, Torben Funke, Bennit Schr\u00f6der, Ole Tegeler, Niklas Beuke, Julian Blome, Georg Lampe, Luca Thiede, Co-Trainer Dominik Sch\u00fctte<\/p>\n<p style=\"font-weight: 400;\"><strong>hinten von links<\/strong><\/p>\n<p style=\"font-weight: 400;\">Bastian Borchers, Lennard Bavendiek, David Bavendiek, Markus Harms, Robin Defort, Lars Ru\u00dfmann<\/p>\n<p style=\"font-weight: 400;\"><strong>es fehlen<\/strong><\/p>\n<p style=\"font-weight: 400;\">Betreuer Dennis Meyer, Luca Landwehr, Jan Schwarze, Henri Heuermann, Nico Meyer, Jens Behrensen<\/p>\n<\/div>\n<div>\u00a0<\/div>\n<div style=\"text-align: center;\">Trainingszeiten: Di und Do 19:00-20:30 UHR<\/div>\n<div>\u00a0<\/div>\n<div>\u00a0<\/div>\n<div><strong>Trainer<\/strong>: Uwe K\u00fcpker<\/div>\n<div>Mobil: 0172 9803116<\/div>\n<div>\u00a0<\/div>\n<div>\u00a0<\/div>\n<div><hr \/><\/div>\n<div><strong>Co-Trainer<\/strong>: Kenneth Scharrelmann<\/div>\n<div>Mobil: 0172 6039491<\/div>\n<div>\u00a0<\/div>\n<div>\u00a0<\/div>\n<div><strong>Betreuer:<\/strong> Philip Hohnstedt<\/div>\n<div>\u00a0<\/div>\n<div>\u00a0<\/div>\n<div id=\"meinWettbewerb0\">\u00a0<\/div>\n<div><a title=\"Zur Startseite von FUSSBALL.DE\" href=\"http:\/\/www.fussball.de\/\">Zur Startseite von FUSSBALL.DE<\/a><\/div>\n<p><script type=\"text\/javascript\"><br \/>\nvar wettbewerb0 = new fussballdeAPI();<br \/>\n\twettbewerb0.setzeSaison('1314');<br \/>\n\twettbewerb0.setzeWettbewerbID('010415');<br \/>\n\twettbewerb0.zeigeWettbewerb('meinWettbewerb0');<br \/>\n<\/script><\/p>","protected":false},"excerpt":{"rendered":"<p>\u00a0 4<\/p>\n","protected":false},"author":2,"featured_media":0,"parent":44,"menu_order":1,"comment_status":"closed","ping_status":"closed","template":"","meta":{"footnotes":""},"class_list":["post-47","page","type-page","status-publish","hentry"],"_links":{"self":[{"href":"http:\/\/sv-marhorst.de\/index.php?rest_route=\/wp\/v2\/pages\/47","targetHints":{"allow":["GET"]}}],"collection":[{"href":"http:\/\/sv-marhorst.de\/index.php?rest_route=\/wp\/v2\/pages"}],"about":[{"href":"http:\/\/sv-marhorst.de\/index.php?rest_route=\/wp\/v2\/types\/page"}],"author":[{"embeddable":true,"href":"http:\/\/sv-marhorst.de\/index.php?rest_route=\/wp\/v2\/users\/2"}],"replies":[{"embeddable":true,"href":"http:\/\/sv-marhorst.de\/index.php?rest_route=%2Fwp%2Fv2%2Fcomments&post=47"}],"version-history":[{"count":37,"href":"http:\/\/sv-marhorst.de\/index.php?rest_route=\/wp\/v2\/pages\/47\/revisions"}],"predecessor-version":[{"id":4082,"href":"http:\/\/sv-marhorst.de\/index.php?rest_route=\/wp\/v2\/pages\/47\/revisions\/4082"}],"up":[{"embeddable":true,"href":"http:\/\/sv-marhorst.de\/index.php?rest_route=\/wp\/v2\/pages\/44"}],"wp:attachment":[{"href":"http:\/\/sv-marhorst.de\/index.php?rest_route=%2Fwp%2Fv2%2Fmedia&parent=47"}],"curies":[{"name":"wp","href":"https:\/\/api.w.org\/{rel}","templated":true}]}}