{"id":46,"date":"2015-10-21T10:50:38","date_gmt":"2015-10-21T10:50:38","guid":{"rendered":"http:\/\/www.sv-marhorst.de\/?page_id=7"},"modified":"2025-07-02T16:49:01","modified_gmt":"2025-07-02T15:49:01","slug":"2-herren","status":"publish","type":"page","link":"http:\/\/sv-marhorst.de\/?page_id=46","title":{"rendered":"2. Herren"},"content":{"rendered":"\n<figure class=\"wp-block-image size-large\"><img loading=\"lazy\" decoding=\"async\" width=\"1024\" height=\"682\" src=\"https:\/\/sv-marhorst.de\/wp-content\/uploads\/2024\/09\/WDZ_4040-1024x682.jpg\" alt=\"\" class=\"wp-image-4021\" srcset=\"http:\/\/sv-marhorst.de\/wp-content\/uploads\/2024\/09\/WDZ_4040-1024x682.jpg 1024w, http:\/\/sv-marhorst.de\/wp-content\/uploads\/2024\/09\/WDZ_4040-300x200.jpg 300w, http:\/\/sv-marhorst.de\/wp-content\/uploads\/2024\/09\/WDZ_4040-768x512.jpg 768w, http:\/\/sv-marhorst.de\/wp-content\/uploads\/2024\/09\/WDZ_4040-1536x1023.jpg 1536w, http:\/\/sv-marhorst.de\/wp-content\/uploads\/2024\/09\/WDZ_4040-2x1.jpg 2w, http:\/\/sv-marhorst.de\/wp-content\/uploads\/2024\/09\/WDZ_4040.jpg 2048w\" sizes=\"auto, (max-width: 1024px) 100vw, 1024px\" \/><\/figure>\n\n\n<h2>2. Herren<\/h2>\n<p style=\"font-weight: 400;\"><strong>vorne von links<\/strong><\/p>\n<p style=\"font-weight: 400;\">Niklas Ramann, Philipp Kunst, Oliver Meyer, Morits Hallerberg, Nico Tegeler, Andre L\u00fcllmann, Julian Maibaum<\/p>\n<p style=\"font-weight: 400;\"><strong>mitte von links<\/strong><\/p>\n<p style=\"font-weight: 400;\">Jannick Meyer, Roman Seibel, Betreuer Steffen Hammann, Tobias Kerk, Simon N\u00f6lker, Malte Schwarze, Julian Kunst, Justin Ickinger, Tobias Jensen, Paul Heithaus, Trainer Kevin Rasche, Co-Trainer Jan Lehmkuhl, Niklas Meyer<\/p>\n<p style=\"font-weight: 400;\"><strong>hinten von links<\/strong><\/p>\n<p style=\"font-weight: 400;\">Lukas Fredelake, Leon Bach, Tom G\u00f6bber, Simon G\u00f6bber, Ole R\u00fcffer, Jannis Gewi\u00df<\/p>\n<p style=\"font-weight: 400;\"><strong>es fehlt<\/strong><\/p>\n<p style=\"font-weight: 400;\">Justin Kolkmann<\/p>\n<hr \/>\n<p><span style=\"font-size: 20px;\"><span style=\"font-size: 16px;\"><span style=\"font-size: small;\">Trainingszeit: Dienstag und Donnerstag\u00a0um 19:00 Uhr<\/span><\/span><\/span><\/p>\n<table border=\"0\" cellspacing=\"10\" cellpadding=\"20\">\n<tbody>\n<tr>\n<th rowspan=\"3\">\u00a0<\/th>\n<td><u>Trainer:<\/u> Jan Lehmkuhl<\/td>\n<\/tr>\n<tr>\n<td>Mobil: 0160 5233267<\/td>\n<\/tr>\n<\/tbody>\n<\/table>\n<div>\u00a0<\/div>\n<div>\n<p><em><strong>Co-Trainer:<\/strong><\/em> Roman Seibel<\/p>\n<p>Mobil: 0176 30503116<\/p>\n<table border=\"0\" cellspacing=\"10\" cellpadding=\"20\">\n<tbody>\n<tr>\n<th rowspan=\"3\">\u00a0<\/th>\n<td><u>Betreuer: Steffen\u00a0Hammann und Denis Meyer<\/u><\/td>\n<\/tr>\n<tr>\n<td>\u00a0<\/td>\n<\/tr>\n<\/tbody>\n<\/table>\n<p>Auszeichnung unserer zweiten Herren, sie steht im<\/p>\n<\/div>\n<div>\n<div>NFV Niedersachsen Fu\u00dfball Journal Nr.10\/2019<\/div>\n<div><img loading=\"lazy\" decoding=\"async\" class=\"alignnone size-large wp-image-3271\" src=\"http:\/\/sv-marhorst.de\/wp-content\/uploads\/2019\/11\/2.-Herren-Ehrung1-725x1024.jpg\" alt=\"\" width=\"654\" height=\"924\" srcset=\"http:\/\/sv-marhorst.de\/wp-content\/uploads\/2019\/11\/2.-Herren-Ehrung1-725x1024.jpg 725w, http:\/\/sv-marhorst.de\/wp-content\/uploads\/2019\/11\/2.-Herren-Ehrung1-212x300.jpg 212w, http:\/\/sv-marhorst.de\/wp-content\/uploads\/2019\/11\/2.-Herren-Ehrung1-768x1085.jpg 768w, http:\/\/sv-marhorst.de\/wp-content\/uploads\/2019\/11\/2.-Herren-Ehrung1-1x1.jpg 1w, http:\/\/sv-marhorst.de\/wp-content\/uploads\/2019\/11\/2.-Herren-Ehrung1.jpg 1241w\" sizes=\"auto, (max-width: 654px) 100vw, 654px\" \/><\/div>\n<\/div>\n<div>\u00a0<\/div>\n<div id=\"meinWettbewerb0\"><a title=\"Zur Startseite von FUSSBALL.DE\" href=\"http:\/\/www.fussball.de\/\">Zur Startseite von FUSSBALL.DE<\/a><\/div>\n<p><script type=\"text\/javascript\">\/\/ < ![CDATA[ var wettbewerb0 = new fussballdeAPI(); wettbewerb0.setzeSaison('1314'); wettbewerb0.setzeWettbewerbID('010778'); wettbewerb0.zeigeWettbewerb('meinWettbewerb0');\/\/ ]]><br \/>\n<\/script><\/p>","protected":false},"excerpt":{"rendered":"<p>2. Herren vorne von links Niklas Ramann, Philipp Kunst, Oliver Meyer, Morits Hallerberg, Nico Tegeler, Andre L\u00fcllmann, Julian Maibaum mitte von links Jannick Meyer, Roman Seibel, Betreuer Steffen Hammann, Tobias [&hellip;]<\/p>\n","protected":false},"author":1,"featured_media":0,"parent":44,"menu_order":2,"comment_status":"closed","ping_status":"closed","template":"","meta":{"footnotes":""},"class_list":["post-46","page","type-page","status-publish","hentry"],"_links":{"self":[{"href":"http:\/\/sv-marhorst.de\/index.php?rest_route=\/wp\/v2\/pages\/46","targetHints":{"allow":["GET"]}}],"collection":[{"href":"http:\/\/sv-marhorst.de\/index.php?rest_route=\/wp\/v2\/pages"}],"about":[{"href":"http:\/\/sv-marhorst.de\/index.php?rest_route=\/wp\/v2\/types\/page"}],"author":[{"embeddable":true,"href":"http:\/\/sv-marhorst.de\/index.php?rest_route=\/wp\/v2\/users\/1"}],"replies":[{"embeddable":true,"href":"http:\/\/sv-marhorst.de\/index.php?rest_route=%2Fwp%2Fv2%2Fcomments&post=46"}],"version-history":[{"count":22,"href":"http:\/\/sv-marhorst.de\/index.php?rest_route=\/wp\/v2\/pages\/46\/revisions"}],"predecessor-version":[{"id":4084,"href":"http:\/\/sv-marhorst.de\/index.php?rest_route=\/wp\/v2\/pages\/46\/revisions\/4084"}],"up":[{"embeddable":true,"href":"http:\/\/sv-marhorst.de\/index.php?rest_route=\/wp\/v2\/pages\/44"}],"wp:attachment":[{"href":"http:\/\/sv-marhorst.de\/index.php?rest_route=%2Fwp%2Fv2%2Fmedia&parent=46"}],"curies":[{"name":"wp","href":"https:\/\/api.w.org\/{rel}","templated":true}]}}